l = 3*c + 15. Let p = 6 - l. Calculate the remainder when 4 is divided by p.
1
Let n be (-2)/(-14) - 2/14. Suppose -2*f + n*f - 4*w = -10, 0 = -5*w - 20. What is the remainder when 24 is divided by f?
11
Let u = 14 - 14. Calculate the remainder when 9 is divided by (3 + -6)*-2 + u.
3
Let a = 83 + -35. What is the remainder when 188 is divided by a?
44
Suppose 5*l + r - 251 = 0, 0*l = 2*l + 4*r - 86. Calculate the remainder when l is divided by 65/10*(2 + 2).
25
Suppose i + 2 = 0, -r - 5 = -5*i - 37. What is the remainder when 87 is divided by r?
21
Suppose r - 26 = -r. Let c = -1 + r. What is the remainder when 35 is divided by c?
11
Calculate the remainder when (9 + 0)*(-220)/(-30) is divided by 17.
15
Suppose 3*f - 101 = -2*r, 4*f - 3*r - 89 = 2*f. What is the remainder when 110 is divided by f?
36
Let p(o) = o**2 - 4. Let h be p(-3). Calculate the remainder when 6 is divided by (8/h)/((-8)/(-20)).
2
Let x(r) = 3*r**2 - 4*r - 2. Let s be x(-3). Suppose -s = 5*b - 117. What is the remainder when 30 is divided by b?
14
Let h(m) = -2*m + 11. What is the remainder when 83 is divided by h(-5)?
20
Let s(g) = -6*g - 5. Let z = -17 - -7. What is the remainder when s(z) is divided by 14?
13
Calculate the remainder when (2 - -18) + (-5 - (-1 - 1)) is divided by 9.
8
Let v(u) = 5*u**3 + 3*u**2 - 7*u + 13. Calculate the remainder when v(3) is divided by 39.
37
Suppose -12 = -2*u - u. Suppose u*s - 2 = 2*s. Let v = s - -3. Calculate the remainder when 13 is divided by v.
1
Let t = 57 + 2. Calculate the remainder when t is divided by 16.
11
Suppose 4*o + 84 = 8*o. What is the remainder when 62 is divided by o?
20
What is the remainder when -2*(-3)/((-24)/(-52)) is divided by 7?
6
Suppose 32 = -2*h + 54. Calculate the remainder when h is divided by 7.
4
Let z be ((-7)/(21/(-162)))/2. Let j = z + -16. Let k(c) = 5*c**2 + 1. Calculate the remainder when j is divided by k(1).
5
Let l = -21 - -41. Suppose -3*p + 39 = 6. Calculate the remainder when l is divided by p.
9
Suppose 5*o - o = 40. Let q = -36 - -50. Let t = q - o. Calculate the remainder when t is divided by 3.
1
Suppose 15*q + 190 = 20*q. What is the remainder when 145 is divided by q?
31
Let o(y) = -y + 27. Suppose 0 = 4*z - 2*z - 110. Calculate the remainder when z is divided by o(8).
17
Suppose 9*p = 11*p - 10. What is the remainder when (-1)/(-5) - 114/(-5) is divided by p?
3
Suppose 2 + 4 = 3*b + r, -b = r. Let u = -2 - -7. Suppose -u*k + 38 = z, -3*k = -2*k + 2*z - 13. What is the remainder when k is divided by b?
1
Let y(c) = 24*c**2 + 2*c. Let d(l) = -12*l**2 - l. Let n(z) = -7*d(z) - 3*y(z). What is the remainder when 37 is divided by n(1)?
11
Suppose -3*z = 5*q - 44, -3*z = -4*z + 5*q + 8. What is the remainder when ((-68)/(-6) + -3)*3 is divided by z?
12
Let w be (-178)/9 - 2/9. Suppose 38 = o + 10. Let z = o + w. What is the remainder when 23 is divided by z?
7
Let x(y) = 12*y**2 - y + 3. What is the remainder when x(2) is divided by 13?
10
Let v = -3 - -17. Let j(u) = -6*u + 4. Let f(l) = -4*l + 2. Let r be f(2). Calculate the remainder when j(r) is divided by v.
12
Suppose -5*g + 4*y + 145 = 37, y - 75 = -3*g. What is the remainder when g is divided by (-1 - -2) + (14 - 2)?
11
Suppose -f + 60 = 4*f. Suppose p = -5*c - f, -4*p + 16 = -c + 1. What is the remainder when 6 - (2 + (-2 - -1)) is divided by p?
2
Suppose -b + 11 = -13. What is the remainder when b is divided by 16/40 - (-189)/15?
11
Let u(z) = 2 + 0*z + 7 + z. Let w be u(-7). Suppose d = -w*d + 33. What is the remainder when d is divided by 4?
3
Let r be 81/6 + 3/2. Suppose -k + 184 = 2*m, -2*k = -5*m + 463 + r. Calculate the remainder when m is divided by 24.
22
What is the remainder when (3 + -4)*-1*6 is divided by 4?
2
Suppose 0 = -o - 5*c + 147 - 31, -4*c + 244 = 2*o. Calculate the remainder when 38 is divided by o/10 - (-10)/25.
12
Let p(c) = 8*c + 2. Let f be (-3)/(3 + (-36)/10). What is the remainder when p(f) is divided by 15?
12
Let a = 124 + -66. What is the remainder when a is divided by 15?
13
Let q be (0/3)/3 + 5. Calculate the remainder when (-223)/(-5) + (-3)/q is divided by 2/(-9) - (-1045)/45.
21
What is the remainder when 120 is divided by -2*-62*(-5)/(-20)?
27
Let x = -11 - -17. What is the remainder when 47 is divided by x?
5
Suppose -4*z = -0*z - 24. Let u be (-3)/(1 + (-15)/z). Let x = u + 0. Calculate the remainder when 3 is divided by x.
1
Let u(k) = k**2 - 2*k - 12. What is the remainder when u(9) is divided by 13?
12
Let f be 0 - (-1 - -1)/(-3). Suppose 5*h + f*h - 3*q = -1, -4 = -2*q. Suppose 4*c = 5*x + 4 - 0, 4*c - 4 = x. Calculate the remainder when h is divided by c.
0
Let c(l) = l + 16. Suppose -5*h - 32 = 2*a, 4*h + 13 = 5*a - 6. Calculate the remainder when 38 is divided by c(h).
8
Let y(g) = 7*g. Let c be y(-1). Let z = 9 - c. Let n = 29 - z. Calculate the remainder when n is divided by 5.
3
Let s = -179 + 268. What is the remainder when s is divided by 23?
20
What is the remainder when (-2316)/(-33) + (-4)/22 is divided by 18?
16
Let w = -1 + 8. Let o(f) = f**3 + 14*f**2 + 4. Let y be o(-14). Suppose y*p - 4 = 3*p. Calculate the remainder when w is divided by p.
3
Suppose 8*n - 115 = 3*n. What is the remainder when 91 is divided by n?
22
Let v = 39 + -15. Suppose -j = -3*j + v. What is the remainder when 34 is divided by j?
10
Suppose -2*n + 28 = -4*f, 3*n - 2*f = 2*f + 40. Let w = n + -8. Suppose -j + 5*j = -5*m + 18, -5*j + m = -8. Calculate the remainder when w is divided by j.
0
Suppose 0 = 4*d + 13 - 5. Let b be (15/10)/(d/(-4)). Suppose b*f + 36 = 7*f. Calculate the remainder when 17 is divided by f.
8
Let b be (-4)/(-2 + 0) - -186. Let a be b/20 + 4/(-10). Let l = a + -3. Calculate the remainder when l is divided by 2.
0
Let z(j) = 0 + 2*j - 4 + 5*j + 2. Calculate the remainder when z(4) is divided by 7.
5
Let n = 8 - 5. Suppose w + 4*w = 2*o - 106, -4*o = 3*w + 48. Let k = w + 27. Calculate the remainder when k is divided by n.
1
Let l(n) = n**3 + n**2 + n - 4. Calculate the remainder when 28 is divided by l(2).
8
Let d(o) = -9*o + 2. Let w be d(-3). Let u = w - 16. Suppose 3*k - 42 = -3*k. Calculate the remainder when u is divided by k.
6
Suppose 0 = -2*q - q + 9. Suppose -6*o + 54 = -3*o + q*z, -4*z + 58 = 3*o. Calculate the remainder when o is divided by 4.
2
Suppose 4*u - 39 - 9 = -4*o, 36 = 3*o - 3*u. Suppose 3*a = o + 3. Let m(z) = -12*z**3 + 2*z**2 + 3*z + 1. Calculate the remainder when m(-1) is divided by a.
2
Let x(v) = v + 1. Let g(j) = 5*j**3 - 3*j**2 + j + 1. Calculate the remainder when x(5) is divided by g(1).
2
Suppose -29*m + 19*m = -80. Calculate the remainder when 44 is divided by m.
4
Let y = 90 - 59. What is the remainder when y is divided by 3 - 1 - (-30)/2?
14
Suppose 29*a - 26*a = 150. Calculate the remainder when a is divided by 17.
16
Let t(q) = -q**3 - q**2 + 29. Let l be t(0). Let r = -18 + l. Suppose 0 = -2*o + 4*o - 64. Calculate the remainder when o is divided by r.
10
Let i = 49 - 33. What is the remainder when i is divided by 10?
6
Let w = 94 - 64. Calculate the remainder when w is divided by 54/5 - 5/(-25).
8
Suppose -5*b = -0*b - 35. What is the remainder when ((-26)/4)/((-2)/4) is divided by b?
6
Suppose -7*m = -2*m - 35. Suppose -v + 33 = 13. Calculate the remainder when v is divided by m.
6
Suppose 4*f - 12 + 4 = 0. Suppose -257 = -3*k + 2*h, 0 = -2*k + h - f*h + 169. Calculate the remainder when k is divided by 22.
19
Let t = -315 + 474. What is the remainder when t is divided by 18?
15
Let w(q) = 4*q**2 - 5*q - 1. What is the remainder when w(6) is divided by 29?
26
Let c be (3/(-6)*-4)/2. Calculate the remainder when -2 + 3 + 40/c is divided by 12*1 + (0 - -2).
13
Let r(z) = -z**2 - 7*z + 6. Let y be r(-7). Suppose 0 = 4*w - y*w + 98. Let f = 28 - 11. What is the remainder when w is divided by f?
15
Let m be (0 - -3) + 3 + -4. Suppose -6 = m*v - 5*b, 2*v - 6 = b - 2*b. Calculate the remainder when 46 is divided by v/6 - 47/(-3).
14
Suppose 0 = -d - 4*k - 2, -k + 15 = 3*d + 4*k. Suppose 5*s - 2*s - 111 = 0. What is the remainder when s is divided by d?
7
Calculate the remainder when (-4)/(1 + (-30)/26) is divided by (3 - -24)/(-5 + 8).
8
Let g(v) = 2*v**3 - 3*v**2 + v + 2. Let i(x) = -x**3 - 2*x + 1. Let n be i(1). Let s = 0 - n. What is t